{"id":2,"date":"2021-01-08T10:49:37","date_gmt":"2021-01-08T10:49:37","guid":{"rendered":"https:\/\/mswautomation.pl\/?page_id=2"},"modified":"2021-10-06T10:35:02","modified_gmt":"2021-10-06T10:35:02","slug":"jedna-scada-swiata-nie-naprawisz-2","status":"publish","type":"page","link":"https:\/\/mswautomation.pl\/","title":{"rendered":"MSW Automation &#8211; Jedn\u0105 SCADA \u015bwiata nie naprawisz"},"content":{"rendered":"<h1 style=\"text-align: center;\"><span>&#8220;Jedn\u0105 <span style=\"color: var(--tcb-skin-color-0);\">SCADA <\/span>\u015bwiata nie naprawisz&#8230;&#8221;<\/span><\/h1>\n<p><span><\/span><\/p>\n<h1 style=\"text-align: center;\"><span style=\"font-weight: normal;\">Potrzebujesz pomocy przy<\/span><\/h1>\n<h1 style=\"text-align: center;\"><span style=\"font-weight: normal;\">&nbsp;systemie SCADA?&nbsp;<\/span><\/h1>\n<h1 style=\"text-align: center;\"><span style=\"font-weight: normal;\">Napisz!<\/span><\/h1>\n<p style=\"text-align: center;\">Zajmujemy si\u0119 tworzeniem, modernizacj\u0105 oraz diagnostyk\u0105 system\u00f3w SCADA (SIMATIC WinCC V7, WinCC TIA, WinCC Flexible, FactoryTalk, Wonderware Intouch).&nbsp;<\/p>\n<h3 style=\"\">\u0141ukasz Krzesi\u0144ski<\/h3>\n<p><a href=\"https:\/\/www.instagram.com\/luke.krzesinski\/\" target=\"_blank\" rel=\"nofollow noopener\" data-shortcode-id=\"ig\" data-dynamic-link=\"thrive_global_fields_url\"><\/a><a href=\"https:\/\/www.linkedin.com\/in\/%C5%82ukasz-krzesi%C5%84ski-ab8900141\/\" target=\"_blank\" rel=\"nofollow noopener\" data-shortcode-id=\"in\" data-dynamic-link=\"thrive_global_fields_url\"><\/a><\/p>\n<ul>\n<li>PLC, HMI, SCADA Engineer<\/li>\n<li>Stworzy\u0142 ponad&nbsp;<strong>130 system\u00f3w SCADA<\/strong>&nbsp;r\u00f3\u017cnych producent\u00f3w (WinCC V7, WinCC Flexible, WinCC TIA, Wonderware InTouch, Factory Talk)<\/li>\n<li>Najwi\u0119ksze zalety: rozwi\u0105zywanie problem\u00f3w, skryptowanie, SQL, VBS, ANSI-C<\/li>\n<li><strong>5 lat do\u015bwiadczenia jako instruktor HMI\/SCADA<\/strong><\/li>\n<li><strong>Ponad 11 lat do\u015bwiadczenia<\/strong> w przemy\u015ble. Nadal tworzy, modernizuje systemy SCADA.<\/li>\n<li>Pomy\u015blnie wdro\u017cy\u0142 SCADA dla SEAT, SKF, FAURECIA, ThyssenKrupp<\/li>\n<li>W\u0142asciciel firmy MSW Automation realizuj\u0105cej projekty w Polsce i Europie<\/li>\n<li>Instruktor Udemy.com &#8211; ponad 1700 kursant\u00f3w<\/li>\n<li><strong>Uwa\u017ca, \u017ce systemy SCADA s\u0105 niesamowite<\/strong><\/li>\n<\/ul>\n","protected":false},"excerpt":{"rendered":"<p>&#8220;Jedn\u0105 SCADA \u015bwiata nie naprawisz&#8230;&#8221; Potrzebujesz pomocy przy &nbsp;systemie SCADA?&nbsp; Napisz! Zajmujemy si\u0119 tworzeniem, modernizacj\u0105 oraz diagnostyk\u0105 system\u00f3w SCADA (SIMATIC WinCC V7, WinCC TIA, WinCC Flexible, FactoryTalk, Wonderware Intouch).&nbsp; \u0141ukasz Krzesi\u0144ski PLC, HMI, SCADA Engineer Stworzy\u0142 ponad&nbsp;130 system\u00f3w SCADA&nbsp;r\u00f3\u017cnych producent\u00f3w (WinCC V7, WinCC Flexible, WinCC TIA, Wonderware InTouch, Factory Talk) Najwi\u0119ksze zalety: rozwi\u0105zywanie problem\u00f3w, skryptowanie, [&hellip;]<\/p>\n","protected":false},"author":1,"featured_media":175,"parent":0,"menu_order":0,"comment_status":"closed","ping_status":"open","template":"","meta":{"footnotes":""},"_links":{"self":[{"href":"https:\/\/mswautomation.pl\/index.php?rest_route=\/wp\/v2\/pages\/2"}],"collection":[{"href":"https:\/\/mswautomation.pl\/index.php?rest_route=\/wp\/v2\/pages"}],"about":[{"href":"https:\/\/mswautomation.pl\/index.php?rest_route=\/wp\/v2\/types\/page"}],"author":[{"embeddable":true,"href":"https:\/\/mswautomation.pl\/index.php?rest_route=\/wp\/v2\/users\/1"}],"replies":[{"embeddable":true,"href":"https:\/\/mswautomation.pl\/index.php?rest_route=%2Fwp%2Fv2%2Fcomments&post=2"}],"version-history":[{"count":29,"href":"https:\/\/mswautomation.pl\/index.php?rest_route=\/wp\/v2\/pages\/2\/revisions"}],"predecessor-version":[{"id":188,"href":"https:\/\/mswautomation.pl\/index.php?rest_route=\/wp\/v2\/pages\/2\/revisions\/188"}],"wp:featuredmedia":[{"embeddable":true,"href":"https:\/\/mswautomation.pl\/index.php?rest_route=\/wp\/v2\/media\/175"}],"wp:attachment":[{"href":"https:\/\/mswautomation.pl\/index.php?rest_route=%2Fwp%2Fv2%2Fmedia&parent=2"}],"curies":[{"name":"wp","href":"https:\/\/api.w.org\/{rel}","templated":true}]}}